{"id":168,"date":"2019-10-17T15:15:28","date_gmt":"2019-10-17T13:15:28","guid":{"rendered":"http:\/\/pkbfch.opatovska.sk\/?page_id=168"},"modified":"2025-11-06T15:45:41","modified_gmt":"2025-11-06T13:45:41","slug":"zadanie-rocnikovej-prace-z-prirodovednych-predmetov-bio-chem-fyz-pre-vsetkych-ziakov-1-a-2-ab-2-nb","status":"publish","type":"page","link":"https:\/\/pkbfch.opatovska.sk\/?page_id=168","title":{"rendered":"Maturitn\u00e1 pr\u00e1ca z\u00a0biol\u00f3gie"},"content":{"rendered":"<p>Maturitn\u00e1 pr\u00e1ca z\u00a0biol\u00f3gie<\/p>\n<ul>\n<li>Maturitn\u00fa pr\u00e1cu z\u00a0biol\u00f3gie \u017eiak vyprac\u00fava v\u00a0r\u00e1mci v\u00fdberov\u00e9ho semin\u00e1ra Cvi\u010denia z biol\u00f3gie v\u00a03. ro\u010dn\u00edku alebo v\u00a0r\u00e1mci maturitn\u00e9ho semin\u00e1ra z biol\u00f3gie v\u00a04. ro\u010dn\u00edku.<\/li>\n<li>T\u00e9mu maturitnej pr\u00e1ce mus\u00ed odkonzultova\u0165 \u017eiak s vyu\u010duj\u00facim<\/li>\n<li>Maturitn\u00e1 pr\u00e1ca m\u00e1 sp\u013a\u0148a\u0165 podmienky pr\u00e1ce SO\u010c<\/li>\n<li><u><a href=\"http:\/\/rcm.sk\/wp-content\/uploads\/2018\/11\/Metodika-SO%C4%8C-2018.pdf\">http:\/\/rcm.sk\/wp-content\/uploads\/2018\/11\/Metodika-SO%C4%8C-2018.pdf<\/a><\/u><\/li>\n<li>D\u00f4le\u017eit\u00e9 term\u00edny pre maturitn\u00fd semin\u00e1r:<\/li>\n<\/ul>\n<table style=\"height: 253px;\" width=\"861\">\n<tbody>\n<tr>\n<td width=\"368\">\n<p><em>\u00daloha<\/em><\/p>\n<\/td>\n<td width=\"236\">\n<p><em>Term\u00edn<\/em><\/p>\n<\/td>\n<\/tr>\n<tr>\n<td width=\"368\">\n<p><em>Nahl\u00e1si\u0165 vyu\u010duj\u00facemu t\u00e9mu:<\/em><\/p>\n<\/td>\n<td width=\"236\">\n<p><em>najnesk\u00f4r do 10.10.2025<\/em><\/p>\n<\/td>\n<\/tr>\n<tr>\n<td width=\"368\">\n<p><em>Odovzda\u0165 osnovu pr\u00e1ce v elektronickej podobe:<\/em><\/p>\n<\/td>\n<td width=\"236\">\n<p><em>najnesk\u00f4r 4.11.2025<\/em><\/p>\n<\/td>\n<\/tr>\n<tr>\n<td width=\"368\">\n<p><em>Odovzda\u0165 koncept pr\u00e1ce:<\/em><\/p>\n<\/td>\n<td width=\"236\">\n<p><em>najnesk\u00f4r 30.1.2026<\/em><\/p>\n<\/td>\n<\/tr>\n<tr>\n<td width=\"368\">\n<p><em>Odovzda\u0165 fin\u00e1lnu verziu pr\u00e1ce v elektronickej podobe:<\/em><\/p>\n<\/td>\n<td width=\"236\">\n<p><em>najnesk\u00f4r 20.02.2026<\/em><\/p>\n<\/td>\n<\/tr>\n<tr>\n<td width=\"368\">\n<p><em>Hodnotenie a prezent\u00e1cia:<\/em><\/p>\n<\/td>\n<td width=\"236\">\n<p><em>marec 2026<\/em><\/p>\n<\/td>\n<\/tr>\n<\/tbody>\n<\/table>\n<ul>\n<li>\n<p><u> :<\/u> <strong>Fin\u00e1lna verzia pr\u00e1ce mus\u00ed by\u0165 odovzdan\u00e1 v\u00a0tla\u010denej aj v elektronickej podobe.<\/strong><\/p>\n<\/li>\n<\/ul>\n<p><strong><u>\u0160trukt\u00fara maturitnej pr\u00e1ce alebo SO\u010c:<\/u><\/strong><\/p>\n<p>V\u00a0maturitnej pr\u00e1ci sk\u00fama autor (\u017eiak strednej \u0161koly) zvolen\u00fa t\u00e9mu z vybran\u00e9ho odboru &#8211; biol\u00f3gie a to nad r\u00e1mec svojich \u0161tudijn\u00fdch povinnost\u00ed.<\/p>\n<p>V stredo\u0161kolskom prostred\u00ed sa \u017eiak \u2013 autor SO\u010c (maturitnej pr\u00e1ce) za\u010d\u00edna oboznamova\u0165 so z\u00e1kladmi odbornej a vedeckej pr\u00e1ce. Jedn\u00fdm z krit\u00e9ri\u00ed odbornej pr\u00e1ce je jej primeran\u00e1 v\u0161eobecn\u00e1 opakovate\u013enos\u0165, originalita, prospe\u0161nos\u0165 a mo\u017enos\u0165 nadviaza\u0165 na dosiahnut\u00e9 v\u00fdsledky.<\/p>\n<p><strong>Pr\u00e1ca SO\u010c alebo maturitn\u00e1 pr\u00e1ca nem\u00f4\u017ee by\u0165 plagi\u00e1tom ani ako celok, ani v \u017eiadnej zo svojich \u010dast\u00ed.<\/strong><\/p>\n<p>O plagi\u00e1te hovor\u00edme vtedy, ak niekto presne a doslovne odp\u00ed\u0161e my\u0161lienky in\u00e9ho autora, vyd\u00e1va ich za svoje a necituje ho. Ak s\u00fa pou\u017eit\u00e9 v pr\u00e1ci SO\u010c alebo maturitnej pr\u00e1ci my\u0161lienky in\u00fdch autorov, treba uvies\u0165 jeho meno a zdrojov\u00fd dokument spr\u00e1vne citova\u0165.<\/p>\n<p>Pr\u00e1ca SO\u010c\u00a0alebo maturitn\u00e1 pr\u00e1ca <strong>nem\u00f4\u017ee by\u0165 ani kompil\u00e1tom<\/strong>. To znamen\u00e1 \u017ee nem\u00f4\u017ee by\u0165 zostaven\u00e1 z viacer\u00fdch liter\u00e1rnych zdrojov tak, \u017ee \u017eiak iba preber\u00e1 my\u0161lienky in\u00fdch autorov bez toho, aby zaujal k sk\u00famanej problematike vlastn\u00fd n\u00e1zor, postoj, argumenty, fakty. Pr\u00e1ca mus\u00ed ma\u0165 vlastn\u00e9 rie\u0161enie, aj ke\u010f sa autor stoto\u017e\u0148uje s my\u0161lienkami a n\u00e1zormi uv\u00e1dzan\u00fdch autorov.\u00a0<strong>Autor mus\u00ed ku sk\u00famanej problematike svoj n\u00e1zor, svoj postoj, svoje argumenty<\/strong>. Podmienkou zaradenia pr\u00e1ce do s\u00fa\u0165a\u017ee je jej\u00a0<strong>originalita<\/strong>.<\/p>\n<p><strong>\u00a0Forma p\u00edsania pr\u00e1ce SO\u010c alebo maturitnej pr\u00e1ce<\/strong><\/p>\n<p>Pr\u00e1ca SO\u010c mus\u00ed by\u0165 nap\u00edsan\u00e1 pod\u013ea platn\u00fdch pravidiel slovensk\u00e9ho jazyka, gramaticky i \u0161tylisticky spr\u00e1vne. Autori musia dodr\u017eiava\u0165 v\u0161etky z\u00e1sady odbornej terminol\u00f3gie, klasifik\u00e1cie, nomenklat\u00fary, pou\u017e\u00edva\u0165 platn\u00e9 jednotky s\u00fastavy SI.<\/p>\n<p>Pr\u00e1ca mus\u00ed re\u0161pektova\u0165 form\u00e1lne a cita\u010dn\u00e9 krit\u00e9ri\u00e1 i z\u00e1sady odkazovania na pou\u017eit\u00fa literat\u00faru a pou\u017eit\u00e9 informa\u010dn\u00e9 zdroje. Pr\u00e1ca SO\u010c alebo maturitn\u00e1 pr\u00e1ca sa vypracov\u00e1va\u00a0<strong>v prvej osobe\u00a0 mno\u017en\u00e9ho\u00a0 \u010d\u00edsla\u00a0\u00a0<\/strong>(tzv.\u00a0 autorskom\u00a0 plur\u00e1li,\u00a0 aj\u00a0 ke\u010f\u00a0 je\u00a0 iba\u00a0 jeden\u00a0 autor)\u00a0<strong>v minulom \u010dase\u00a0<\/strong>alebo\u00a0<strong>trpnom rode\u00a0<\/strong>(napr. zistili sme, analyzovali sme, bolo odobran\u00fdch 40 vzoriek\u2026).<\/p>\n<p>Pr\u00e1cu odpor\u00fa\u010dame p\u00edsa\u0165 v textovom editore Word, odpor\u00fa\u010dan\u00fd typ p\u00edsma je Times New Roman CE, ve\u013ekos\u0165 12 a je jednotn\u00fd v celej pr\u00e1ci.<\/p>\n<p>Odpor\u00fa\u010dan\u00e9 nastavenie strany okraje: z\u013eava 3,5 cm, sprava 2,5 cm, zhora aj zdola<\/p>\n<p>2,5 cm, orient\u00e1cia na v\u00fd\u0161ku, form\u00e1t A4 (210 mm x 297 mm), riadkovanie 1,5.<\/p>\n<p><strong>Rozsah pr\u00e1ce je minim\u00e1lne 15 a maxim\u00e1lne 25 str\u00e1n textu<\/strong>. Pr\u00e1ce, ktor\u00e9 nesp\u013a\u0148aj\u00fa po\u017eiadavku rozsahu (teda ak maj\u00fa menej ako 15 str\u00e1n alebo pr\u00e1ce nad r\u00e1mec maxim\u00e1lneho po\u010dtu 25 str\u00e1n textu) bud\u00fa vyl\u00fa\u010den\u00e9 z hodnotenia s\u00fa\u0165a\u017ee SO\u010c alebo maturitnej pr\u00e1ce.<\/p>\n<p><strong>Do textu sa zapo\u010d\u00edtavaj\u00fa tieto \u010dasti pr\u00e1ce<\/strong>: \u00davod, Problematika a preh\u013ead literat\u00fary, Ciele pr\u00e1ce, Materi\u00e1l a metodika, V\u00fdsledky pr\u00e1ce, Diskusia, Z\u00e1very pr\u00e1ce, Zhrnutie a Zoznam pou\u017eitej literat\u00fary.<\/p>\n<p><strong>\u010casti pr\u00e1ce SO\u010c<\/strong><\/p>\n<p>Pr\u00e1ca stredo\u0161kolskej odbornej \u010dinnosti m\u00e1 tieto povinn\u00e9 a nepovinn\u00e9 \u010dasti:<\/p>\n<ul>\n<li>Obal pr\u00e1ce<\/li>\n<li>Tituln\u00fd list<\/li>\n<li>\u010cestn\u00e9 vyhl\u00e1senie(povinn\u00e9)<\/li>\n<li>Po\u010fakovanie(nepovinn\u00e9)<\/li>\n<li>Obsah<\/li>\n<li>Zoznam skratiek, zna\u010diek a symbolov (nepovinn\u00e9)<\/li>\n<li>Zoznam tabuliek, grafov a ilustr\u00e1ci\u00ed (nepovinn\u00e9)<\/li>\n<li>\u00davod<\/li>\n<li>Problematika a preh\u013ead literat\u00fary<\/li>\n<li>Ciele pr\u00e1ce<\/li>\n<li>Materi\u00e1l a metodika<\/li>\n<li>V\u00fdsledky pr\u00e1ce<\/li>\n<li>Diskusia<\/li>\n<li>Z\u00e1very pr\u00e1ce<\/li>\n<li>Zhrnutie<\/li>\n<li>Zoznam pou\u017eitej literat\u00fary<\/li>\n<li>Pr\u00edlohy (nepovinn\u00e9)<\/li>\n<\/ul>\n<p>Preh\u013ead literat\u00fary<\/p>\n<p>Ka\u017ed\u00fa publik\u00e1ciu, z ktorej vyu\u017eijeme inform\u00e1cie pri p\u00edsan\u00ed Problematiky a preh\u013eadu literat\u00fary, je potrebn\u00e9 citova\u0165.<\/p>\n<p><strong><em>Citova\u0165\u00a0<\/em><\/strong><em>znamen\u00e1 uvies\u0165 s\u00fahrn \u00fadajov (priezvisko autora publik\u00e1cie ktor\u00fa citujeme a rok vydania) umo\u017e\u0148uj\u00facich\u00a0 identifik\u00e1ciu\u00a0 publik\u00e1cie.\u00a0 Cit\u00e1cia\u00a0 b\u00fdva\u00a0 umiestnen\u00e1 v texte. Ka\u017ed\u00e1 cit\u00e1cia mus\u00ed ma\u0165 svoj bibliografick\u00fd odkaz v Zozname pou\u017eitej literat\u00fary.<\/em><\/p>\n<p><em>\u00a0<\/em><\/p>\n<p>\u010eal\u0161ie inform\u00e1cie a vzor spr\u00e1vneho sp\u00f4sobu citovania n\u00e1jdete na str\u00e1nke<\/p>\n<p><u><a href=\"http:\/\/rcm.sk\/wp-content\/uploads\/2018\/11\/Metodika-SO%C4%8C-2018.pdf\">http:\/\/rcm.sk\/wp-content\/uploads\/2018\/11\/Metodika-SO%C4%8C-2018.pdf<\/a><\/u><\/p>\n\n\n<!--more-->\n","protected":false},"excerpt":{"rendered":"<p>Maturitn\u00e1 pr\u00e1ca z\u00a0biol\u00f3gie Maturitn\u00fa pr\u00e1cu z\u00a0biol\u00f3gie \u017eiak vyprac\u00fava v\u00a0r\u00e1mci v\u00fdberov\u00e9ho semin\u00e1ra Cvi\u010denia z biol\u00f3gie v\u00a03. ro\u010dn\u00edku alebo v\u00a0r\u00e1mci maturitn\u00e9ho semin\u00e1ra z biol\u00f3gie v\u00a04. ro\u010dn\u00edku. T\u00e9mu maturitnej pr\u00e1ce mus\u00ed odkonzultova\u0165 \u017eiak s vyu\u010duj\u00facim Maturitn\u00e1 pr\u00e1ca m\u00e1 sp\u013a\u0148a\u0165 podmienky pr\u00e1ce SO\u010c http:\/\/rcm.sk\/wp-content\/uploads\/2018\/11\/Metodika-SO%C4%8C-2018.pdf D\u00f4le\u017eit\u00e9 term\u00edny pre maturitn\u00fd semin\u00e1r: \u00daloha Term\u00edn Nahl\u00e1si\u0165 vyu\u010duj\u00facemu t\u00e9mu: najnesk\u00f4r do 10.10.2025 Odovzda\u0165 osnovu [&hellip;]<\/p>\n","protected":false},"author":5,"featured_media":0,"parent":0,"menu_order":0,"comment_status":"closed","ping_status":"closed","template":"","meta":{"footnotes":""},"class_list":["post-168","page","type-page","status-publish","hentry"],"_links":{"self":[{"href":"https:\/\/pkbfch.opatovska.sk\/index.php?rest_route=\/wp\/v2\/pages\/168","targetHints":{"allow":["GET"]}}],"collection":[{"href":"https:\/\/pkbfch.opatovska.sk\/index.php?rest_route=\/wp\/v2\/pages"}],"about":[{"href":"https:\/\/pkbfch.opatovska.sk\/index.php?rest_route=\/wp\/v2\/types\/page"}],"author":[{"embeddable":true,"href":"https:\/\/pkbfch.opatovska.sk\/index.php?rest_route=\/wp\/v2\/users\/5"}],"replies":[{"embeddable":true,"href":"https:\/\/pkbfch.opatovska.sk\/index.php?rest_route=%2Fwp%2Fv2%2Fcomments&post=168"}],"version-history":[{"count":16,"href":"https:\/\/pkbfch.opatovska.sk\/index.php?rest_route=\/wp\/v2\/pages\/168\/revisions"}],"predecessor-version":[{"id":36602,"href":"https:\/\/pkbfch.opatovska.sk\/index.php?rest_route=\/wp\/v2\/pages\/168\/revisions\/36602"}],"wp:attachment":[{"href":"https:\/\/pkbfch.opatovska.sk\/index.php?rest_route=%2Fwp%2Fv2%2Fmedia&parent=168"}],"curies":[{"name":"wp","href":"https:\/\/api.w.org\/{rel}","templated":true}]}}